 Is 19 a factor of y?
True
Let q(m) = -3*m**3 + 2*m**2 + 3*m + 2. Is 23 a factor of q(-3)?
True
Let o(q) = 4*q**2 - 2*q - 2. Suppose 0 = -i - 2*i + 21. Suppose i = 3*n - 2. Is o(n) a multiple of 12?
False
Let k = -7 + 5. Let y = 2 - k. Does 3 divide 4/(y*(-2)/(-12))?
True
Suppose 4*m = -3*j + 306, -m = -3*j - 0*j + 291. Let v = j - 63. Does 7 divide v?
True
Suppose 0 = -3*u + 5*u + 42. Let a be 616/u - 2/(-6). Let h = -10 - a. Is h a multiple of 11?
False
Let q(w) = w + 109. Is q(0) a multiple of 11?
False
Is 8 a factor of 3/(1 + (-5)/8)?
True
Let s be (-588)/16 + 3/4. Is 11 a factor of 22/(-4 - s/8)?
True
Let y = 2 - -8. Let x = 10 + y. Is x a multiple of 10?
True
Suppose -70 = 13*y - 20*y. Is 5 a factor of y?
True
Let r = 9 - 7. Let j(q) = -5*q + 7. Let z be j(9). Is 4/r - z/2 a multiple of 12?
False
Let t = -8 + 10. Suppose 4*m = -2*x - t*x + 72, -3*x - 16 = -2*m. Is m a multiple of 14?
True
Let y = -3 - -14. Is y a multiple of 11?
True
Let b(h) = -6*h - 12. Does 25 divide b(-10)?
False
Suppose 0 = -17*h + 18*h - 39. Is h a multiple of 13?
True
Let g(m) = m**2 - 2*m - 5. Let b be g(-4). Suppose -2*o + b = o - 4*v, -o - 4*v = -33. Does 5 divide o?
False
Let n(l) = -4*l**2 - 5*l + 2. Let j(w) = -2*w**2 - 2*w + 1. Let r(d) = -13*j(d) + 6*n(d). Does 5 divide r(4)?
True
Suppose 4*j = -5*a + 299, 5*j + 0*a = -2*a + 361. Is j a multiple of 22?
False
Suppose -g - 3*g - 5*x + 11 = 0, -5*x - 9 = -g. Suppose -g*s + 0*s = 0. Suppose -l = 2*q - 35, -2*l + 10 = q - s. Does 11 divide q?
False
Suppose -5*v + 2*v + 6 = 0. Suppose 4*x + 2*w - 26 = 0, -v = 4*w - 6. Is 7 a factor of 61/3 + (-2)/x?
False
Let l be (-39)/(-6) + (-3)/2. Suppose l*u - 144 = 2*u. Does 19 divide u?
False
Let u be ((-2 - -1)*1)/(-1). Is (18 - 2) + -1 + u a multiple of 16?
True
Let a = 44 - 31. Let t = 14 + a. Is t a multiple of 9?
True
Let p = 28 - -2. Is 30 a factor of p?
True
Suppose -10*m + 180 + 290 = 0. Is 11 a factor of m?
False
Suppose 2*f - 4*d - 66 = 188, -2*f - 2*d = -278. Suppose -4*p = p - f. Is 17 a factor of p?
False
Suppose 2*v - 1 = 5*q + 34, 5*v = 5*q + 65. Suppose 2*x + 2 = v. Suppose 29 + 7 = x*p. Is p a multiple of 6?
False
Let k(m) = m**3 - 3*m**2 + 4*m - 3. Does 8 divide k(3)?
False
Suppose 0*v - 2*q - 260 = -5*v, 4*v = 3*q + 215. Does 18 divide v?
False
Suppose 0*c + 45 = 5*c + 5*g, 13 = 5*c - 3*g. Is c even?
False
Let v(d) = 7*d**2 + 5*d + 10. Let n(s) = -4*s**2 - 2*s - 5. Let q(i) = 5*n(i) + 3*v(i). Is 4 a factor of q(-7)?
False
Let g(b) = 9*b**2 + 13*b - 5. Let l(a) = -5*a**2 - 7*a + 3. Let f(h) = -6*g(h) - 11*l(h). Is 8 a factor of f(-5)?
False
Let m(b) = -7*b + b - 3 - 7*b + 5*b. Let v be m(5). Let a = v - -86. Is a a multiple of 11?
False
Let b = 235 + -114. Does 14 divide b?
False
Let z = 108 - 56. Is z a multiple of 26?
True
Suppose -3*i + 1 = -5. Suppose -i*h + 4*h = 12. Does 6 divide h?
True
Let g(n) = n + 4*n**2 + 3*n - 5*n - 3*n**2. Is g(-5) a multiple of 10?
True
Let r be -30*(36/15)/(-2). Let u = r + -17. Suppose u = 2*h - h. Is h a multiple of 11?
False
Let y(t) = t**2 + 3*t - 4. Let m be y(-6). Suppose -2*d + m = -4*d. Is (-2)/7 - 37/d a multiple of 5?
True
Let c(l) = 2*l - 5 - 8*l**3 - 7*l**3 + 11*l**2 + 14*l**3. Is c(11) a multiple of 17?
True
Suppose -w - 2*u + 15 = 0, 5*w + u - 36 = -6. Suppose -2*y - n + 87 = 0, 6*y - 2*y - 189 = -w*n. Let d = y - 24. Is 7 a factor of d?
False
Suppose 22 = 2*t + 2. Is t a multiple of 4?
False
Let j(a) = a**2 + 4*a + 1. Let p be j(-5). Suppose -p*v = -4*v - 44. Is v a multiple of 11?
True
Let q be 1/(2/4) - 0. Suppose -81 = 5*c + 94. Is q - 3 - (c + 3) a multiple of 13?
False
Let l(w) be the first derivative of -w**2/2 + 5*w - 2. Let d be l(5). Does 2 divide d + (-3 + 7)/2?
True
Let f(l) = l**3 + 5*l**2 - 2*l - 3. Let o be -4*5/(-12)*-3. Let n be f(o). Suppose 3*r + n - 34 = 0. Is r a multiple of 3?
True
Is 6 a factor of (0 + (-90)/3)*-1?
True
Is ((-198)/(-3))/3 + -4 a multiple of 4?
False
Let j be ((-96)/(-9))/(-3 + (-33)/(-9)). Let b = 1 + 1. Let a = j - b. Does 5 divide a?
False
Let p(t) = t - 4. Let w be p(-2). Is 8 a factor of w*((-27)/6 - 2)?
False
Let a(l) = -33*l - 6. Is 30 a factor of a(-2)?
True
Let c(i) = -2*i - 1. Let b be c(5). Let w = b + 59. Suppose -w = -3*m - 4*l, 4*l = -5*m + l + 69. Is m a multiple of 6?
True
Suppose -71 = -t - 7*c + 2*c, 2*t = 3*c + 77. Let i = t + -28. Suppose 0 = -w + 2*w - i. Is w a multiple of 11?
False
Let q(m) = -5*m + 1. Let b(i) = 15*i - 2. Let g(y) = -3*b(y) - 8*q(y). Let k = -9 - -2. Does 13 divide g(k)?
False
Let y = -6 - -13. Let l = y + -3. Suppose 0 = -l*j - 4*q + 108, 2*j + 6*q = 3*q + 51. Is 15 a factor of j?
True
Let r(o) = -o**3 + 7*o**2 + 3*o + 16. Does 13 divide r(7)?
False
Is (-2)/6 - (-74)/6 a multiple of 3?
True
Let y(k) = -k + 2*k + 11 - 2*k. Let g be y(6). Suppose -u + 5 = -g. Is 10 a factor of u?
True
Let d = 105 + -63. Is d a multiple of 14?
True
Suppose 9 = t + 2*t. Let k = 3 - t. Suppose 3*d + 3*h - 87 = k, 0 = 2*d + 5*h - 29 - 38. Is 10 a factor of d?
False
Suppose -u + 1 = -2. Suppose 2*h - 7 = 4*h + 3*v, -5*h + 35 = -3*v. Suppose 2*p = u*p - h. Does 2 divide p?
True
Let d(q) = 3*q**3. Let y be d(1). Let m(f) = 11*f. Let u be m(3). Let i = u - y. Does 15 divide i?
True
Suppose -p = 3*u - 8, 3*p + 0*u = -5*u + 20. Suppose -3*l + 141 = p*a, 171 = 4*l - l - 5*a. Is 21 a factor of l?
False
Suppose -b = 4*b - 40. Suppose k + b = 5*k. Suppose -i + 20 = 2*i + 4*r, 3*i - k*r - 44 = 0. Is 12 a factor of i?
True
Let h = -45 + 63. Let p be 114/h - 4/(-6). Is 6 a factor of (p + -4)/((-2)/(-4))?
True
Suppose -u + 4 = 3*c - 4*c, 3*c - u + 16 = 0. Let d(m) = m**2 + 8*m - 8. Let l be d(c). Let v = l - -29. Is v a multiple of 6?
False
Is 243 - (2/4)/(5/30) a multiple of 24?
True
Let l(h) = h**3 - 8*h**2 - 3*h + 11. Let v be l(9). Suppose 0 = -3*c + x + 51, -4*x + v = 5*c - 3. Is c a multiple of 7?
False
Let z(i) = 16*i - 11. Let a(h) = -3*h + 2. Let k(u) = -11*a(u) - 2*z(u). Let b be k(6). Is 19 a factor of 28*(3 + b/(-4))?
False
Let x(b) = b**2 - 3*b + 6. Let j be x(-6). Let q = -36 + j. Is q a multiple of 12?
True
Suppose 3*k = -5*t - 218 + 21, 5*t = -5*k - 195. Let r = t + 70. Does 14 divide r?
False
Let b be 7 + -4 - (1 - 1). Suppose -4*w + b*q + 5 = -7, 0 = 4*w - q - 20. Is 2 a factor of w?
True
Suppose 5*g = 18 - 143. Let i = g + 58. Does 13 divide i?
False
Suppose 0*d + 12 = -d - 4*s, -d + 4*s + 28 = 0. Is 13 a factor of -111*-1*d/12?
False
Let h be 1 + (12 - 1 - -1). Let o = h - 8. Suppose -o*j + 29 = -31. Does 6 divide j?
True
Let d(c) = -c**2 + 9*c + 5. Suppose -5*i + 4*i = -7. Is 7 a factor of d(i)?
False
Is 24 a factor of -2 + (-12)/(-3) - (-654)/6?
False
Suppose o - 256 = -4*c + 4*o, -331 = -5*c + o. Is 11 a factor of c?
False
Let v(r) = r**2 + 5*r + 5. Let l(b) = -b - 1. Let f be l(4). Does 2 divide v(f)?
False
Let f = -52 - -146. Let a be 12/(-54) + f/18. Suppose 0*o = -a*o + 120. Does 12 divide o?
True
Let a = 117 - 55. Let x = a - 43. Does 9 divide x?
False
Is (-218)/(-11) + (-2)/(-11) a multiple of 10?
True
Let a(f) = 16*f - 12. Is 14 a factor of a(7)?
False
Let l(q) = 2*q**3 - 23*q**2 + 16*q - 7. Is l(11) a multiple of 11?
False
Let i(o) = 33*o**2 + 3*o - 2. Is i(1) a multiple of 17?
True
Let k be 7/(7/12) + -2. Let j = k - 6. Suppose 88 = j*q - 0*q. Is 11 a factor of q?
True
Suppose -7*x + 3*x - 5*h = 63, 4*x - 2*h = -42. Let w be x/(-8)*4/3. Suppose 3*p + a + a - 29 = 0, 31 = w*p - a. Is 13 a factor of p?
True
Let z be (-8)/6*117/(-6). Suppose 5 = -3*u - 2*u, 0 = s + 3*u - z. Suppose 0 = n + 2*x - s, x = 5*n + 4*x - 166. Does 15 divide n?
False
Suppose 2*d = 13 + 1. Suppose 5*z - 110 = -5*y, -d = -4*z + 4*y + 81. Is z a multiple of 11?
True
Suppose 4*i - 52 - 26 = p, -4*i + 72 = -4*p. Suppose 2*h - i = -3*d, -2*d - 2*h - 2*h + 16 = 0. Suppose -2*r + d*r - 32 = 0. Is 5 a factor of r?
False
Let g(w) = -1. Let x(f) = f**2 - 11*f - 14. Let l(y) = 6*g(y) - x(y). Is 11 a factor of l(9)?
False
Let v = -156 - -298. Let f = v + -74. Suppose -248 = -5*b - f. Does 18 divide b?
True
Suppose 0*d = -3*d + 372. Is d a multiple of 27?
False
Let i be ((-27)/18)/((-6)/40). Suppose -4*y + i = -18. Let j(z) = 4*z + 10. Is j(y) a multiple of 14?
False
Let h = 3 - -249. Is 27 a factor of h?
False
Let p(s) = 6*s - 1 - 4*s - 3*s + 7. Let t be p(3). Suppose 